{"id":320,"date":"2020-04-28T15:28:05","date_gmt":"2020-04-28T13:28:05","guid":{"rendered":"http:\/\/justinebyra.com\/?page_id=320"},"modified":"2023-01-10T14:44:23","modified_gmt":"2023-01-10T13:44:23","slug":"une-longueur-davance-2","status":"publish","type":"page","link":"https:\/\/justinebyra.com\/index.php\/une-longueur-davance-2\/","title":{"rendered":"Une longueur d&rsquo;avance"},"content":{"rendered":"\t\t<div data-elementor-type=\"wp-page\" data-elementor-id=\"320\" class=\"elementor elementor-320\">\n\t\t\t\t\t\t<div class=\"elementor-inner\">\n\t\t\t\t<div class=\"elementor-section-wrap\">\n\t\t\t\t\t\t\t\t\t<section class=\"elementor-section elementor-top-section elementor-element elementor-element-887ef15 elementor-section-boxed elementor-section-height-default elementor-section-height-default\" data-id=\"887ef15\" data-element_type=\"section\">\n\t\t\t\t\t\t<div class=\"elementor-container elementor-column-gap-default\">\n\t\t\t\t\t\t\t<div class=\"elementor-row\">\n\t\t\t\t\t<div class=\"elementor-column elementor-col-100 elementor-top-column elementor-element elementor-element-9101aa6\" data-id=\"9101aa6\" data-element_type=\"column\">\n\t\t\t<div class=\"elementor-column-wrap elementor-element-populated\">\n\t\t\t\t\t\t\t<div class=\"elementor-widget-wrap\">\n\t\t\t\t\t\t<div class=\"elementor-element elementor-element-1c98500 elementor-widget elementor-widget-heading\" data-id=\"1c98500\" data-element_type=\"widget\" data-widget_type=\"heading.default\">\n\t\t\t\t<div class=\"elementor-widget-container\">\n\t\t\t<h6 class=\"elementor-heading-title elementor-size-xl\">Une longueur d'avance<\/h6>\t\t<\/div>\n\t\t\t\t<\/div>\n\t\t\t\t\t\t<\/div>\n\t\t\t\t\t<\/div>\n\t\t<\/div>\n\t\t\t\t\t\t\t\t<\/div>\n\t\t\t\t\t<\/div>\n\t\t<\/section>\n\t\t\t\t<section class=\"elementor-section elementor-top-section elementor-element elementor-element-0670d0a elementor-section-boxed elementor-section-height-default elementor-section-height-default\" data-id=\"0670d0a\" data-element_type=\"section\">\n\t\t\t\t\t\t<div class=\"elementor-container elementor-column-gap-default\">\n\t\t\t\t\t\t\t<div class=\"elementor-row\">\n\t\t\t\t\t<div class=\"elementor-column elementor-col-100 elementor-top-column elementor-element elementor-element-099272e\" data-id=\"099272e\" data-element_type=\"column\">\n\t\t\t<div class=\"elementor-column-wrap elementor-element-populated\">\n\t\t\t\t\t\t\t<div class=\"elementor-widget-wrap\">\n\t\t\t\t\t\t<div class=\"elementor-element elementor-element-f6e4d52 elementor-arrows-position-inside elementor-pagination-position-outside elementor-widget elementor-widget-image-carousel\" data-id=\"f6e4d52\" data-element_type=\"widget\" data-settings=\"{&quot;slides_to_show&quot;:&quot;1&quot;,&quot;autoplay&quot;:&quot;no&quot;,&quot;navigation&quot;:&quot;both&quot;,&quot;infinite&quot;:&quot;yes&quot;,&quot;effect&quot;:&quot;slide&quot;,&quot;speed&quot;:500}\" data-widget_type=\"image-carousel.default\">\n\t\t\t\t<div class=\"elementor-widget-container\">\n\t\t\t\t\t<div class=\"elementor-image-carousel-wrapper swiper-container\" dir=\"ltr\">\n\t\t\t<div class=\"elementor-image-carousel swiper-wrapper\">\n\t\t\t\t\t\t\t\t<div class=\"swiper-slide\"><figure class=\"swiper-slide-inner\"><img decoding=\"async\" class=\"swiper-slide-image\" src=\"https:\/\/justinebyra.com\/wp-content\/uploads\/2020\/04\/A291A4295-scaled.jpg\" alt=\"Le r\u00e9veil est difficile pour Carla, le jour n\u2019est pas encore lev\u00e9 qu\u2019il faut d\u00e9j\u00e0 se pr\u00e9parer.\" \/><figcaption class=\"elementor-image-carousel-caption\">Le r\u00e9veil est difficile pour Carla, le jour n\u2019est pas encore lev\u00e9 qu\u2019il faut d\u00e9j\u00e0 se pr\u00e9parer.<\/figcaption><\/figure><\/div><div class=\"swiper-slide\"><figure class=\"swiper-slide-inner\"><img decoding=\"async\" class=\"swiper-slide-image\" src=\"https:\/\/justinebyra.com\/wp-content\/uploads\/2020\/05\/Carla.jpg\" alt=\"Carla\" \/><\/figure><\/div><div class=\"swiper-slide\"><figure class=\"swiper-slide-inner\"><img decoding=\"async\" class=\"swiper-slide-image\" src=\"https:\/\/justinebyra.com\/wp-content\/uploads\/2020\/04\/B291A3687-scaled.jpg\" alt=\"Tous les matins c\u2019est le m\u00eame rituel, apr\u00e8s le petit-d\u00e9jeuner elle fait sa toilette. Avec le chlore sa peau est ass\u00e9ch\u00e9e.\" \/><figcaption class=\"elementor-image-carousel-caption\">Tous les matins c\u2019est le m\u00eame rituel, apr\u00e8s le petit-d\u00e9jeuner elle fait sa toilette. Avec le chlore sa peau est ass\u00e9ch\u00e9e.<\/figcaption><\/figure><\/div><div class=\"swiper-slide\"><figure class=\"swiper-slide-inner\"><img decoding=\"async\" class=\"swiper-slide-image\" src=\"https:\/\/justinebyra.com\/wp-content\/uploads\/2020\/04\/D291A4380-scaled.jpg\" alt=\"Nadine applique un traitement sur l\u2019oeil de Carla, l\u2019oeil est gonfl\u00e9. Carla est sujette \u00e0 de nombreuses infections.\" \/><figcaption class=\"elementor-image-carousel-caption\">Nadine applique un traitement sur l\u2019oeil de Carla, l\u2019oeil est gonfl\u00e9. Carla est sujette \u00e0 de nombreuses infections.<\/figcaption><\/figure><\/div><div class=\"swiper-slide\"><figure class=\"swiper-slide-inner\"><img decoding=\"async\" class=\"swiper-slide-image\" src=\"https:\/\/justinebyra.com\/wp-content\/uploads\/2020\/04\/F291A4722-scaled.jpg\" alt=\"La piscine n\u2019est pas encore ouverte au public, elle est la premi\u00e8re \u00e0 profiter du bassin.\" \/><figcaption class=\"elementor-image-carousel-caption\">La piscine n\u2019est pas encore ouverte au public, elle est la premi\u00e8re \u00e0 profiter du bassin.<\/figcaption><\/figure><\/div><div class=\"swiper-slide\"><figure class=\"swiper-slide-inner\"><img decoding=\"async\" class=\"swiper-slide-image\" src=\"https:\/\/justinebyra.com\/wp-content\/uploads\/2020\/04\/G291A5710-scaled.jpg\" alt=\"Jean-Yves son entra\u00eeneur depuis bient\u00f4t deux ans, la pousse dans ses retranchements. Il fait aujourd\u2019hui partie de la famille, Carla y est tr\u00e8s attach\u00e9.\" \/><figcaption class=\"elementor-image-carousel-caption\">Jean-Yves son entra\u00eeneur depuis bient\u00f4t deux ans, la pousse dans ses retranchements. Il fait aujourd\u2019hui partie de la famille, Carla y est tr\u00e8s attach\u00e9.<\/figcaption><\/figure><\/div><div class=\"swiper-slide\"><figure class=\"swiper-slide-inner\"><img decoding=\"async\" class=\"swiper-slide-image\" src=\"https:\/\/justinebyra.com\/wp-content\/uploads\/2020\/04\/H291A4799-scaled.jpg\" alt=\"La sp\u00e9cialit\u00e9 de Carla est le quatre nages. Sa technique s\u2019est am\u00e9lior\u00e9e depuis que Jean Yves l\u2019entra\u00eene.\" \/><figcaption class=\"elementor-image-carousel-caption\">La sp\u00e9cialit\u00e9 de Carla est le quatre nages. Sa technique s\u2019est am\u00e9lior\u00e9e depuis que Jean Yves l\u2019entra\u00eene.<\/figcaption><\/figure><\/div><div class=\"swiper-slide\"><figure class=\"swiper-slide-inner\"><img decoding=\"async\" class=\"swiper-slide-image\" src=\"https:\/\/justinebyra.com\/wp-content\/uploads\/2020\/04\/I291A4586-scaled.jpg\" alt=\"Apr\u00e8s l\u2019entra\u00eenement, Carla se pr\u00e9pare pour le travail. Elle fait le m\u00e9nage \u00e0 la piscine.\" \/><figcaption class=\"elementor-image-carousel-caption\">Apr\u00e8s l\u2019entra\u00eenement, Carla se pr\u00e9pare pour le travail. Elle fait le m\u00e9nage \u00e0 la piscine.<\/figcaption><\/figure><\/div><div class=\"swiper-slide\"><figure class=\"swiper-slide-inner\"><img decoding=\"async\" class=\"swiper-slide-image\" src=\"https:\/\/justinebyra.com\/wp-content\/uploads\/2020\/04\/J291A5171-scaled.jpg\" alt=\"La mairie l\u2019emploi en contrat aid\u00e9 au sein de la piscine. Elle est dans son \u00e9l\u00e9ment, et effectue les t\u00e2ches avec minutie.\" \/><figcaption class=\"elementor-image-carousel-caption\">La mairie l\u2019emploi en contrat aid\u00e9 au sein de la piscine. Elle est dans son \u00e9l\u00e9ment, et effectue les t\u00e2ches avec minutie.<\/figcaption><\/figure><\/div><div class=\"swiper-slide\"><figure class=\"swiper-slide-inner\"><img decoding=\"async\" class=\"swiper-slide-image\" src=\"https:\/\/justinebyra.com\/wp-content\/uploads\/2020\/04\/K291A5024-scaled.jpg\" alt=\"Tous les jours, elle effectue les t\u00e2ches selon un ordre bien pr\u00e9cis. M\u00e9ticuleuse elle passe le balai apr\u00e8s le passage des usagers.\" \/><figcaption class=\"elementor-image-carousel-caption\">Tous les jours, elle effectue les t\u00e2ches selon un ordre bien pr\u00e9cis. M\u00e9ticuleuse elle passe le balai apr\u00e8s le passage des usagers.<\/figcaption><\/figure><\/div><div class=\"swiper-slide\"><figure class=\"swiper-slide-inner\"><img decoding=\"async\" class=\"swiper-slide-image\" src=\"https:\/\/justinebyra.com\/wp-content\/uploads\/2020\/04\/MF291A5476-scaled.jpg\" alt=\"Carla a un petit ami, Rapha\u00ebl, lui aussi champion de natation cat\u00e9gorie sport adapat\u00e9. Lorsqu\u2019ils sont ensemble ils aiment faire des mandalas.\" \/><figcaption class=\"elementor-image-carousel-caption\">Carla a un petit ami, Rapha\u00ebl, lui aussi champion de natation cat\u00e9gorie sport adapat\u00e9. Lorsqu\u2019ils sont ensemble ils aiment faire des mandalas.<\/figcaption><\/figure><\/div><div class=\"swiper-slide\"><figure class=\"swiper-slide-inner\"><img decoding=\"async\" class=\"swiper-slide-image\" src=\"https:\/\/justinebyra.com\/wp-content\/uploads\/2020\/04\/NE291A5563-scaled.jpg\" alt=\"Carla montre \u00e0 Rapha\u00ebl des photos qu\u2019elle a pris avec son t\u00e9l\u00e9phone. Ils essayent de se voir quand ils le peuvent, mais il y a soixante kilom\u00e8tres qui les s\u00e9parent entre Nice et Fr\u00e9jus.\" \/><figcaption class=\"elementor-image-carousel-caption\">Carla montre \u00e0 Rapha\u00ebl des photos qu\u2019elle a pris avec son t\u00e9l\u00e9phone. Ils essayent de se voir quand ils le peuvent, mais il y a soixante kilom\u00e8tres qui les s\u00e9parent entre Nice et Fr\u00e9jus.<\/figcaption><\/figure><\/div><div class=\"swiper-slide\"><figure class=\"swiper-slide-inner\"><img decoding=\"async\" class=\"swiper-slide-image\" src=\"https:\/\/justinebyra.com\/wp-content\/uploads\/2020\/04\/ZC291A5803-scaled.jpg\" alt=\"Une fois par semaine, Carla b\u00e9n\u00e9ficie d\u2019un cours particulier donn\u00e9 par Murielle. Nadine souhaite que sa fille garde un bon niveau scolaire. Carla pr\u00e9f\u00e8re le fran\u00e7ais aux math\u00e9matiques.\" \/><figcaption class=\"elementor-image-carousel-caption\">Une fois par semaine, Carla b\u00e9n\u00e9ficie d\u2019un cours particulier donn\u00e9 par Murielle. Nadine souhaite que sa fille garde un bon niveau scolaire. Carla pr\u00e9f\u00e8re le fran\u00e7ais aux math\u00e9matiques.<\/figcaption><\/figure><\/div><div class=\"swiper-slide\"><figure class=\"swiper-slide-inner\"><img decoding=\"async\" class=\"swiper-slide-image\" src=\"https:\/\/justinebyra.com\/wp-content\/uploads\/2020\/04\/T91A4404-scaled.jpg\" alt=\"Carla se p\u00e9pare pour le deuxi\u00e8me entra\u00eenement de la journ\u00e9e. Il faut qu\u2019elle soit pr\u00eate pour les prochains championnats au Canada.\" \/><figcaption class=\"elementor-image-carousel-caption\">Carla se p\u00e9pare pour le deuxi\u00e8me entra\u00eenement de la journ\u00e9e. Il faut qu\u2019elle soit pr\u00eate pour les prochains championnats au Canada.<\/figcaption><\/figure><\/div><div class=\"swiper-slide\"><figure class=\"swiper-slide-inner\"><img decoding=\"async\" class=\"swiper-slide-image\" src=\"https:\/\/justinebyra.com\/wp-content\/uploads\/2020\/04\/U91A3820-scaled.jpg\" alt=\"La piscine fr\u00e9jusienne Maurice Giuge, est un lieu primordial. C\u2019est l\u00e0 que Carla s\u2019entra\u00eene le plus souvent et qu\u2019elle travaille quotidiennement.\" \/><figcaption class=\"elementor-image-carousel-caption\">La piscine fr\u00e9jusienne Maurice Giuge, est un lieu primordial. C\u2019est l\u00e0 que Carla s\u2019entra\u00eene le plus souvent et qu\u2019elle travaille quotidiennement.<\/figcaption><\/figure><\/div><div class=\"swiper-slide\"><figure class=\"swiper-slide-inner\"><img decoding=\"async\" class=\"swiper-slide-image\" src=\"https:\/\/justinebyra.com\/wp-content\/uploads\/2020\/04\/V91A3873-scaled.jpg\" alt=\"Avant de rejoindre le bassin, elle effectue une pr\u00e9paration \u00e0 sec avec des \u00e9tirements et du gainage. Une rigueur obligatoire pour cette championne.\" \/><figcaption class=\"elementor-image-carousel-caption\">Avant de rejoindre le bassin, elle effectue une pr\u00e9paration \u00e0 sec avec des \u00e9tirements et du gainage. Une rigueur obligatoire pour cette championne.<\/figcaption><\/figure><\/div><div class=\"swiper-slide\"><figure class=\"swiper-slide-inner\"><img decoding=\"async\" class=\"swiper-slide-image\" src=\"https:\/\/justinebyra.com\/wp-content\/uploads\/2020\/04\/O291A5339-scaled.jpg\" alt=\"Trois fois par semaine elle se rend chez son kin\u00e9. C\u2019est son moment de d\u00e9tente, elle se aisse aller et en ressort d\u00e9contract\u00e9e.\" \/><figcaption class=\"elementor-image-carousel-caption\">Trois fois par semaine elle se rend chez son kin\u00e9. C\u2019est son moment de d\u00e9tente, elle se aisse aller et en ressort d\u00e9contract\u00e9e.<\/figcaption><\/figure><\/div><div class=\"swiper-slide\"><figure class=\"swiper-slide-inner\"><img decoding=\"async\" class=\"swiper-slide-image\" src=\"https:\/\/justinebyra.com\/wp-content\/uploads\/2020\/04\/L291A5472-scaled.jpg\" alt=\"Les m\u00e9dailles et troph\u00e9es tapissent la chambre. Elle est fi\u00e8re des les exposer.\" \/><figcaption class=\"elementor-image-carousel-caption\">Les m\u00e9dailles et troph\u00e9es tapissent la chambre. Elle est fi\u00e8re des les exposer.<\/figcaption><\/figure><\/div><div class=\"swiper-slide\"><figure class=\"swiper-slide-inner\"><img decoding=\"async\" class=\"swiper-slide-image\" src=\"https:\/\/justinebyra.com\/wp-content\/uploads\/2020\/04\/ZD291A4049-scaled.jpg\" alt=\"Quand ils ne peuvent pas se voir, les amoureux se parlent par appels vid\u00e9os. Le rendez-vous de la journ\u00e9 qu\u2019au- cun des deux ne voudrait manquer.\" \/><figcaption class=\"elementor-image-carousel-caption\">Quand ils ne peuvent pas se voir, les amoureux se parlent par appels vid\u00e9os. Le rendez-vous de la journ\u00e9 qu\u2019au- cun des deux ne voudrait manquer.<\/figcaption><\/figure><\/div><div class=\"swiper-slide\"><figure class=\"swiper-slide-inner\"><img decoding=\"async\" class=\"swiper-slide-image\" src=\"https:\/\/justinebyra.com\/wp-content\/uploads\/2020\/04\/ZE291A3615-scaled.jpg\" alt=\"Nadine, proche de sa fille, la r\u00e9veille les matins o\u00f9 les entra\u00eenements sont tr\u00e8s t\u00f4t . C\u2019est leur petit instant d\u2019intimit\u00e9.\" \/><figcaption class=\"elementor-image-carousel-caption\">Nadine, proche de sa fille, la r\u00e9veille les matins o\u00f9 les entra\u00eenements sont tr\u00e8s t\u00f4t . C\u2019est leur petit instant d\u2019intimit\u00e9.<\/figcaption><\/figure><\/div><div class=\"swiper-slide\"><figure class=\"swiper-slide-inner\"><img decoding=\"async\" class=\"swiper-slide-image\" src=\"https:\/\/justinebyra.com\/wp-content\/uploads\/2020\/04\/ZG291A3629-scaled.jpg\" alt=\"Nadine sert \u00e0 sa fille tous les jours un petit d\u00e9jeuner \u00e9quilibr\u00e9: deux oeufs, un fruit et un th\u00e9. Le plein d\u2019\u00e9nergie pour aligner les longueurs.\" \/><figcaption class=\"elementor-image-carousel-caption\">Nadine sert \u00e0 sa fille tous les jours un petit d\u00e9jeuner \u00e9quilibr\u00e9: deux oeufs, un fruit et un th\u00e9. Le plein d\u2019\u00e9nergie pour aligner les longueurs.<\/figcaption><\/figure><\/div><div class=\"swiper-slide\"><figure class=\"swiper-slide-inner\"><img decoding=\"async\" class=\"swiper-slide-image\" src=\"https:\/\/justinebyra.com\/wp-content\/uploads\/2020\/04\/ZI291A5624-scaled.jpg\" alt=\"C\u2019est le grand d\u00e9part pour Le Canada. Ils attendent le train qui les emm\u00e9nera \u00e0 Paris, Nadine veille, ils ne doivent rien oublier. L\u2019\u00e9quipe de France de natation DSISO les attend l\u00e0 bas pour prendre l\u2019avion.\" \/><figcaption class=\"elementor-image-carousel-caption\">C\u2019est le grand d\u00e9part pour Le Canada. Ils attendent le train qui les emm\u00e9nera \u00e0 Paris, Nadine veille, ils ne doivent rien oublier. L\u2019\u00e9quipe de France de natation DSISO les attend l\u00e0 bas pour prendre l\u2019avion.<\/figcaption><\/figure><\/div><div class=\"swiper-slide\"><figure class=\"swiper-slide-inner\"><img decoding=\"async\" class=\"swiper-slide-image\" src=\"https:\/\/justinebyra.com\/wp-content\/uploads\/2020\/04\/ZJ291A3395-2-scaled.jpg\" alt=\"Sa silhouette se dessine dans le bassin. Elle doit tracer son chemin, la victoire est proche.\" \/><figcaption class=\"elementor-image-carousel-caption\">Sa silhouette se dessine dans le bassin. Elle doit tracer son chemin, la victoire est proche.<\/figcaption><\/figure><\/div>\t\t\t<\/div>\n\t\t\t\t\t\t\t\t\t\t\t\t<div class=\"swiper-pagination\"><\/div>\n\t\t\t\t\t\t\t\t\t\t\t\t\t<div class=\"elementor-swiper-button elementor-swiper-button-prev\">\n\t\t\t\t\t\t<i aria-hidden=\"true\" class=\"eicon-chevron-left\"><\/i>\t\t\t\t\t\t<span class=\"elementor-screen-only\">Pr\u00e9c\u00e9dent<\/span>\n\t\t\t\t\t<\/div>\n\t\t\t\t\t<div class=\"elementor-swiper-button elementor-swiper-button-next\">\n\t\t\t\t\t\t<i aria-hidden=\"true\" class=\"eicon-chevron-right\"><\/i>\t\t\t\t\t\t<span class=\"elementor-screen-only\">Suivant<\/span>\n\t\t\t\t\t<\/div>\n\t\t\t\t\t\t\t\t\t<\/div>\n\t\t\t\t<\/div>\n\t\t\t\t<\/div>\n\t\t\t\t\t\t<\/div>\n\t\t\t\t\t<\/div>\n\t\t<\/div>\n\t\t\t\t\t\t\t\t<\/div>\n\t\t\t\t\t<\/div>\n\t\t<\/section>\n\t\t\t\t\t\t\t\t\t<\/div>\n\t\t\t<\/div>\n\t\t\t\t\t<\/div>\n\t\t","protected":false},"excerpt":{"rendered":"<p>Une longueur d&rsquo;avance Le r\u00e9veil est difficile pour Carla, le jour n\u2019est pas encore lev\u00e9 qu\u2019il faut d\u00e9j\u00e0 se pr\u00e9parer. Tous les matins c\u2019est le m\u00eame rituel, apr\u00e8s le petit-d\u00e9jeuner elle fait sa toilette. Avec le chlore sa peau est ass\u00e9ch\u00e9e. Nadine applique un traitement sur l\u2019oeil de Carla, l\u2019oeil est gonfl\u00e9. Carla est sujette [&hellip;]<\/p>\n","protected":false},"author":1,"featured_media":0,"parent":0,"menu_order":0,"comment_status":"closed","ping_status":"closed","template":"","meta":[],"_links":{"self":[{"href":"https:\/\/justinebyra.com\/index.php\/wp-json\/wp\/v2\/pages\/320"}],"collection":[{"href":"https:\/\/justinebyra.com\/index.php\/wp-json\/wp\/v2\/pages"}],"about":[{"href":"https:\/\/justinebyra.com\/index.php\/wp-json\/wp\/v2\/types\/page"}],"author":[{"embeddable":true,"href":"https:\/\/justinebyra.com\/index.php\/wp-json\/wp\/v2\/users\/1"}],"replies":[{"embeddable":true,"href":"https:\/\/justinebyra.com\/index.php\/wp-json\/wp\/v2\/comments?post=320"}],"version-history":[{"count":13,"href":"https:\/\/justinebyra.com\/index.php\/wp-json\/wp\/v2\/pages\/320\/revisions"}],"predecessor-version":[{"id":909,"href":"https:\/\/justinebyra.com\/index.php\/wp-json\/wp\/v2\/pages\/320\/revisions\/909"}],"wp:attachment":[{"href":"https:\/\/justinebyra.com\/index.php\/wp-json\/wp\/v2\/media?parent=320"}],"curies":[{"name":"wp","href":"https:\/\/api.w.org\/{rel}","templated":true}]}}